+ 1381299 = -x, -2*x = -16. Is b composite?
False
Let x(t) = 2860*t**2 - 33*t + 496. Is x(9) a prime number?
True
Suppose -156*w + 1237045 = 133*w - 284*w. Is w a composite number?
False
Let x = 44073 - 30512. Let l = 23622 - x. Is l a composite number?
False
Suppose -25*p = -15*p + 4*p - 18209926. Is p a prime number?
True
Is 1035*(-21)/(-210) - (-2)/(-4) a composite number?
False
Suppose -n - 10 = 4*n. Let u be 5 - ((-8)/(-5) + n/(-5)). Suppose o + u*b - 128 = 54, -o - 2*b = -185. Is o a prime number?
True
Let p(j) = -j**2 + 10*j - 6. Let u be p(9). Suppose -3 = -b + u. Is 1*2/b - 920/(-3) prime?
True
Let k(p) = 31*p**2 - 17*p + 34. Let g(r) = r**2 + 8*r + 16. Let i be g(-7). Let f be k(i). Suppose -3*m = -0*m - 3*z - 3543, -2*m = 4*z - f. Is m prime?
False
Suppose 2*j + 28 = 4*r, -4*j = 3*r - 23 - 9. Let a(o) = 998*o + 67. Is a(r) a prime number?
False
Let r(a) = -11*a**3 + 2*a**2 - 39*a - 25. Is r(-17) a composite number?
False
Suppose -34*k + 8724165 = 36*k - 55*k. Is k prime?
False
Let w(a) = 6502*a + 23. Let f be w(-5). Let u = 46708 + f. Is u a composite number?
False
Suppose 9*r + s - 30393 = -2*s - s, 0 = 2*s. Is r a composite number?
True
Suppose 0 = 3*h - 6*h + 36. Suppose 7*m = h*m + 50. Is ((-2692)/2)/(m/5) prime?
True
Suppose -b - 4195 = 5*m, 3*m = -11*b + 6*b - 2495. Let o = -511 - m. Is o composite?
True
Let x(j) = j**3 + 11*j**2 + 11*j + 15. Let u be x(-10). Suppose -2*o = -u*o + 5454. Suppose o = -4*c + 10*c. Is c a prime number?
False
Suppose -342731 = -17*r + 806792. Is r a composite number?
False
Let q(j) = j**3 + 47*j**2 + 19*j - 861. Is q(-44) a prime number?
True
Let s(g) = -3*g**2 - 2*g + 9. Let i be ((-42)/70)/(1/5). Let z(a) = -9*a**2 - 6*a + 28. Let o(n) = i*z(n) + 8*s(n). Is o(7) a prime number?
True
Let p(c) = -c**3 + 89*c**2 + 53*c + 437. Is p(62) a prime number?
False
Let i(p) = 6*p - 4. Let b be i(2). Let h be b/10*15*2/6. Suppose 2*g = x + 2564, -859 = -3*g - h*x + 2998. Is g prime?
True
Let m(p) = 22*p**3 + 4*p**2 + 3*p - 13. Suppose -5*y + 16 = -14. Let d be m(y). Suppose -1089 - d = -2*h. Is h a prime number?
False
Let q(y) = 2164*y**3 - 26*y**2 + 13*y + 123. Is q(8) a composite number?
False
Let s(f) = -3*f**3 - 8*f**2 + 7*f + 13. Let l = -46 + 77. Suppose -l*x + 27*x = 24. Is s(x) a composite number?
False
Suppose 42*j - 44*j + 310994 = -4*q, -2*j = 5*q - 311021. Is j prime?
False
Is 4/28 + 50679070/91 prime?
False
Suppose 46*i + 60 = 36*i. Is (9/i)/(15/(-47110)) composite?
True
Suppose -6*c + 32*v = 33*v - 5475, -928 = -c + 5*v. Is c composite?
True
Let g be ((-64)/12)/((-3)/(-1602)). Let b = g - -4869. Suppose 3423 + b = 4*i. Is i prime?
True
Let p(u) = 1615*u - 186. Is p(41) composite?
False
Let h(c) = c + 14. Let t be h(0). Suppose -4*a + 40196 = 5*q, 3*a - 30147 = -11*q + t*q. Is a composite?
True
Suppose 803128 = 24*r - 481904. Is r a prime number?
False
Suppose 0 = -2*f + 22 + 6. Suppose 2*k + 5*j = f - 7, -22 = -3*k + 4*j. Is (4/k)/(2/4443 + 0) a composite number?
False
Suppose -1198863 - 1396832 = -14*g - 241693. Is g a composite number?
False
Is 2/(3222524/2506364 - 2/7 - 1) prime?
True
Let b be ((-9)/(-18))/(2/32). Let v(h) = -h**3 + 8*h**2 + h - 2. Let f be v(b). Suppose -3 = f*p - 4677. Is p a composite number?
True
Let x(v) = -702*v - 357. Is x(-32) a composite number?
True
Let g = 169305 + -81883. Is g composite?
True
Suppose -82871 = -y + s, 15 = 5*s + 45. Is y a composite number?
True
Let b be (-56)/(-16)*20/7. Let z(j) = -17 + 42 + 7*j - b. Is z(18) prime?
False
Suppose -5*x - 4*t = -74717, 0 = 4*x - 5*t + 17918 - 77667. Is x a composite number?
True
Let b(w) = -w**3 + 4*w**2 + 17*w + 43. Let l be b(12). Let h = 1616 - l. Is h prime?
True
Suppose 4*f + 27 = 7*f. Let l(n) = -n**3 + 11*n**2 + 4*n + 2. Let r be l(f). Is (r + 2/(-2))/1 composite?
False
Let w(z) = z**2 - z + 5. Let y be w(0). Suppose 0 = -p - y*h - 58, -6*h + h - 106 = 2*p. Let g = p - -81. Is g a composite number?
True
Suppose 3540617 = 3*v + 5*x, 133*v - 4*x + 2360406 = 135*v. Is v a composite number?
False
Let b be (-4)/7 + 160/35. Suppose -b*t - 5 = -5*t - i, 5*i + 20 = 4*t. Suppose -t*u = k - 7555, 5*u + 4753 = -2*k + 12308. Is u a composite number?
False
Suppose 0 = -7*u - 13*u + 120. Let x(q) = 22*q**2 + 8*q - 22. Is x(u) a composite number?
True
Is 34659 - (76 - -4)/8 a composite number?
False
Let g(y) = 790*y - 1159. Is g(51) a composite number?
True
Let r(t) = -3*t**3 - 3*t**2 - 6*t - 2. Let w be r(-3). Suppose w*f = 60*f + 13630. Is f prime?
False
Let x = 341 + -339. Suppose 0 = u - 2. Suppose u*v - 4 = 0, -2*q + 4*v = x*q - 436. Is q composite?
True
Let k be (-7 + 5 - (-8)/2) + 0. Suppose -k*t + 24445 = 3*t. Is t prime?
True
Let w = 23036 + -9265. Is w a prime number?
False
Suppose 0 = 12*l - 11*l - 2. Let p(z) = -11 - 15 + 10 + 5*z**l - 11*z + z**3. Is p(9) prime?
True
Let o = -206738 - -415189. Is o prime?
False
Suppose -6*n - 48214 = -3*m - 10*n, -80362 = -5*m - 4*n. Suppose -11*r + m + 547 = 0. Is r prime?
True
Suppose 5*k - 2*g - 115047 = 0, -10*k = -8*k + 2*g - 46030. Is k a prime number?
True
Let p(m) = 3*m + 127. Let r = 659 + -646. Is p(r) a composite number?
True
Suppose 7*f + 11 - 39 = 0. Suppose 3*b + 3*z - 10952 = f*z, 3*z - 3 = 0. Is b composite?
True
Suppose 3*a - 132220 = -2*g, 132214 = 3*a - 9*g + 8*g. Suppose -138*y = -146*y + a. Is y composite?
True
Let r(l) = 19921*l**2 + 60*l + 437. Is r(-6) prime?
False
Let r = 9687 + -5078. Is r a composite number?
True
Let k be 3/6 - (-1)/(-2). Let y(o) = 34*o**2 + 51*o - 16. Let b be y(6). Suppose k = -9*h + b + 421. Is h a prime number?
False
Let n(d) be the first derivative of -77*d**2 - d - 9. Is n(-11) prime?
True
Let a(h) = -187*h**2 - 290961. Let y(n) = 21*n**2 + 32329. Let p(w) = -5*a(w) - 44*y(w). Is p(0) prime?
False
Let v be (-2 - 118748)*(8 - 9). Suppose 2*m + 148426 = -5*l, -4*l = -5*m + 2*m + v. Is (-32)/(-128) - l/8 a prime number?
False
Let v(z) = -205*z**3 + 33*z**2 - 7*z + 9. Is v(-8) prime?
True
Let p = 1377448 - 933047. Is p composite?
False
Let y(u) = 11*u - 23 + 0 - u**3 + 15*u**2 + 6*u. Let p be y(16). Let l(f) = -116*f + 27. Is l(p) a composite number?
False
Is (394906/4 - -3) + 63/18 + -4 composite?
False
Let y be (-1)/((-2)/(-6) + 3856/(-11604)). Let v be y/(12/8*(-6)/9). Let t = v - -244. Is t composite?
True
Let h(r) = -2*r**2. Let d(y) = 141*y**2 + 3*y - 127. Let z(k) = d(k) - 2*h(k). Is z(7) a composite number?
True
Let k = -234 + 790. Suppose -4*h = -k - 108. Is h a composite number?
True
Let j(v) = -2173*v + 254 - 497 + 248. Is j(-6) a prime number?
True
Suppose -c - 5*t - 110572 = -5*c, 0 = 4*c + 4*t - 110572. Suppose 9*h - 52376 = c. Is h composite?
True
Is (1 + 0)/(2 - 9) - 450372/(-42) prime?
True
Let x(u) = 6*u**2 + 4*u + 3. Let q(p) = 7*p**2 + 4*p + 3. Let w(h) = -4*q(h) + 5*x(h). Let t be w(-2). Is (-71)/((t + -5)/2) a composite number?
False
Let u(n) = -6*n - 1. Let b be u(-3). Suppose 13*j = b*j - 10252. Is j prime?
False
Let l(c) = 1068*c - 156. Let n be l(32). Let g = n + -20719. Is g a prime number?
False
Let b = 115 - 113. Suppose -5*n - 10 - 10 = 0, b*v + 2*n = 42926. Is v composite?
False
Suppose 2*c - 4*c - 1036 = 0. Let m = -617 + 1140. Let t = m - c. Is t composite?
True
Suppose -l = 5*s - 99873 - 81658, 0 = s - 3*l - 36303. Suppose -8*o - 11002 = -s. Is o a composite number?
False
Let a(p) = -5 + 5*p**2 + 4*p + 0*p - 187*p**3 + 1598*p**3 + 0*p. Is a(2) a prime number?
True
Let n(s) = -s**3 - 49*s**2 - 60*s - 39. Let h be n(-26). Let g = 28134 + h. Is g composite?
False
Let y(w) = 3*w - 41. Let f be y(27). Is 1805 - (-10)/4*f/(-25) composite?
False
Let v(w) = 5*w**3 + 5*w**2 + w + 7. Let l be v(6). Suppose -2*x + 7*x + 3*r + 15 = 0, -3*r - 15 = 0. Suppose -7*f + 4962 - l = x. Is f a composite number?
True
Let d = -9243 + 3460. Suppose 0 = -4*z + 5*z + 3990. Let b = z - d. Is b a composite number?
True
Suppose -3*k + 3*o = -15, -k + 4*o + 0*o = -20. Suppose b = 2*j + 657, 5*j + k*j + 1644 = b. Let g = j + 730. Is g composite?
False
Let d(b) = b**2 + 66*b - 316. Let k be d(5). Suppose 84414 = k*m - 111405. Is m prime?
True
Let r(c) be the second derivative of 5*c**3/3 - c**2/2 + 36*c. Let k be r(1). Suppose 0 = -5*b - 3*g + 1867, -k*b + 4*g = -7*b - 726. Is b composite?
True
Let c(n) = 5*n**2 + n - 3. Su